Let s = 8258 + -6176. List the prime factors of s.
2, 3, 347
Suppose 12*r = -35 + 107. Suppose r*s - 56 = 106. What are the prime factors of s?
3
Let y = 19 - 61. Let o be 12/y + -2*4101/(-42). Suppose -w = -3*t + o, -2*w - w + 141 = 2*t. List the prime factors of t.
2, 3, 11
Let c(h) = h**3 + 36*h**2 - 44*h + 312. What are the prime factors of c(-34)?
2, 5, 103
Let w(a) = 4*a**2 - 14*a - 40. Let s be w(6). What are the prime factors of 1/((1/(-1020))/((-16)/s))?
2, 3, 17
Suppose -n - 4*i + 67948 = 0, 4*n - 4*i + 2812 = 274504. What are the prime factors of n?
2, 7, 1213
Let m(r) = 2*r**2 - 17*r - 7. Suppose 3*t + 3*x = 282, 2*t + 53 - 249 = 2*x. Suppose t = -z + 7*z. List the prime factors of m(z).
233
Suppose -3*t = -4*d + 29053, -37*d + 36293 = -32*d + 4*t. List the prime factors of d.
53, 137
Let g(x) = 5067*x**2 + 10*x + 9. List the prime factors of g(-1).
2, 17, 149
Let q(r) = 240*r**3 - 2*r - 1. Let v be q(-1). Let c = v - -466. List the prime factors of c.
227
Let h(y) = -2*y**2 + 5815 - 6*y - 5809 + y**2. List the prime factors of h(-5).
11
Let u be 5/(-4 - 42/(-12)). Let d(g) = 8*g**2 + 6*g + 47. List the prime factors of d(u).
787
Suppose -h + 25 = 4*h, -972 = -r + 5*h. Suppose 7*u = 851 + r. List the prime factors of u.
2, 3, 11
Suppose 130 = 5*t + p, -5*t = -8*t + p + 78. What are the prime factors of (-1)/(91/t) + (-5058)/(-14)?
19
Let d = 111 - 111. What are the prime factors of 12/24 + 606/4 + d?
2, 19
Let c = -1464 + 2657. Let h = c - 530. What are the prime factors of h?
3, 13, 17
Let d(y) = 13*y**3 - 38*y**2 + 63*y - 49. What are the prime factors of d(17)?
31, 37, 47
Let f = -153 + 154. List the prime factors of 130 + (6/3 - f)*1.
131
Suppose -43406 = -7*q + 3*y, 18*q + 2*y + 12404 = 20*q. List the prime factors of q.
2, 5, 31
Suppose 604 = 2*w - 31*x + 32*x, -3*x = -4*w + 1208. Let l = w - -976. What are the prime factors of l?
2, 3, 71
Let o(x) = 4*x - 81. Let z be o(21). Suppose 6*b = -z*b + 10080. What are the prime factors of b?
2, 5, 7
Let z(x) = 3*x**3 - 19*x**2 + 5*x + 4. Let c be z(11). Suppose -4*p - c = -k, -3*p - 15 = 2*p. List the prime factors of k.
1741
Let x = -567 + 4087. List the prime factors of x.
2, 5, 11
Suppose d - 10640 = -5*n + 19430, 30067 = d + 2*n. List the prime factors of d.
5, 7, 859
Let a = -364 + 396. Let f(o) = -o**2 + 8*o + 8. Let g be f(8). Suppose 632 = g*b - a. What are the prime factors of b?
83
Let c be (2/6)/(1/(-114)). Let v = 70 + -117. Let b = c - v. List the prime factors of b.
3
Suppose -3137 = -4*s - 3*w, 244 = 2*s + 5*w - 1307. Let m = 1143 - s. List the prime factors of m.
5, 71
Let m = -642 + 674. Suppose 59*g - 39447 = m*g. List the prime factors of g.
3, 487
Let c = 91 - 83. Suppose -c*j = -10*j + 8. Suppose 145 = d + j*k, 4*d + 3*k - 143 = 3*d. What are the prime factors of d?
137
Let f = -266 - -182. Let r = f - -503. What are the prime factors of r?
419
Let u = 2368 + -1155. Suppose -3*s = -2*g - 2*g + u, -1203 = -4*g + 5*s. Suppose -3*m - 3*i + g = -7*i, 2*i - 337 = -3*m. What are the prime factors of m?
109
Let l = -2368 - -2479. List the prime factors of l.
3, 37
Let q be -1 + -2 + 6 + 247. Suppose 4*k + 2*y = 179 - 5, 5*k = 4*y + q. Let s = k - -42. What are the prime factors of s?
2, 11
List the prime factors of 9 - 62112/(-72) - (-2)/6.
2, 109
Let s(d) = -97*d - 273. Suppose -7*q = -47*q - 640. List the prime factors of s(q).
1279
Let d = 8903 - 3485. List the prime factors of d.
2, 3, 7, 43
Suppose 17*c - 12*c + 37685 = 5*w, 4*c + 22614 = 3*w. List the prime factors of w.
2, 3767
Let b(v) = 25*v**3 - 2*v**2 - 6*v + 19. What are the prime factors of b(5)?
2, 383
Let b(l) = -1141*l - 2487. List the prime factors of b(-13).
2, 6173
Suppose 29316 = 4*p - 3*u, 0 = 2*p + 60*u - 61*u - 14658. List the prime factors of p.
3, 7, 349
Let d(l) = l - 9. Let x be d(13). Suppose -v + 0*v = x, 5*y + 5*v + 15 = 0. Suppose -62 = -3*a + 2*j - y, 4*a = -4*j + 68. What are the prime factors of a?
19
Let y(s) = s**2 + 3*s - 15. Let c = 46 + -91. Let g = c + 33. What are the prime factors of y(g)?
3, 31
Suppose -2*k + 968 = 3*t, -k = 3*t + 373 - 1337. Suppose p - t + 42 = 0. What are the prime factors of p?
2, 139
What are the prime factors of 7*((-224774)/(-77) + -13)?
3, 6781
Let h(u) be the first derivative of -48*u**2 - 4*u + 3. Let v(f) = f**3 + 40*f**2 + 42*f + 115. Let l be v(-39). What are the prime factors of h(l)?
2, 47
Let w = 31774 - 12190. List the prime factors of w.
2, 3, 17
Let r be (-2)/4 - 121/88*-4. Suppose 688 + 1577 = r*g - 5*c, -c = 2. What are the prime factors of g?
11, 41
Let w(y) = -21*y + 1 + 26*y - y**2 + 5. Let r be w(5). List the prime factors of -4 + 32/(1 - -1)*r.
2, 23
Suppose 0 = 7*i + i - 288. What are the prime factors of 4026/8 + (5 - 189/i)?
503
Let r be 1/(4*2/24). What are the prime factors of (-2)/6 + (3 - (-1816)/r)?
2, 19
Let j(t) = 167*t**2 - 159*t + 867. What are the prime factors of j(6)?
3, 5, 79
Let u(o) be the third derivative of 29/24*o**4 + 0 + 2/3*o**3 + 9*o**2 + 0*o. What are the prime factors of u(7)?
3, 23
Let v(j) = 3*j**3 - 8*j + 2*j**3 + 23*j**2 - 11 - 6*j**3 - 32*j**2. Let f be v(-8). Let b(s) = -s + 13. List the prime factors of b(f).
2, 3
Let f(g) = 2271*g**2 + 566*g - 2279. What are the prime factors of f(4)?
3, 12107
Let q(o) = -11*o**3 + 22*o**2 - 35*o - 60. List the prime factors of q(-16).
2, 67, 191
Let c = 1307 - 522. Suppose h + c = 2*g, 3*h = -7 - 2. Suppose g = 3*t - 8. What are the prime factors of t?
7, 19
Suppose -65565 = -74*z + 11*z - 30*z. List the prime factors of z.
3, 5, 47
Let r be ((-3)/(-2))/((-11)/(-4774)). Let k = -364 + r. List the prime factors of k.
7, 41
List the prime factors of (-3)/((-2)/16 + (-115754)/(-930000)).
3, 5
What are the prime factors of (-60)/(-3)*(-61257)/(-84)?
5, 2917
Let a(k) be the third derivative of -k**5/60 - 11*k**4/12 - 25*k**3/6 + 17*k**2. Let t be a(-17). Suppose g - t = 77. List the prime factors of g.
137
Suppose -384686 = -66*r + 4337614. List the prime factors of r.
2, 3, 5, 53
List the prime factors of 10862 + (16 - (1 - -16)).
10861
Let q = 187 - 503. Let t = -178 - q. What are the prime factors of t?
2, 3, 23
Suppose -3*v = 4*h - 12083, -3*v - 3*h + 11998 + 77 = 0. List the prime factors of v.
3, 13, 103
Let z(d) = 220*d + 72. Let y be z(9). Suppose 0*w = 6*w - y. List the prime factors of w.
2, 3, 19
List the prime factors of (-35)/(-14)*14832/20.
2, 3, 103
Suppose v - 32 + 24 = 0. Let x(t) = 60*t - 61. List the prime factors of x(v).
419
Let q(s) = 5*s**2 - 4*s + 11. Let c be q(2). Let b(i) = -i**3 + 24*i**2 - 23*i. Let o be b(c). Let l = 36 - o. What are the prime factors of l?
2, 3
Suppose -9 = 5*w - 19. Suppose -w*g - g = -4*j - 55, g + 2*j - 15 = 0. Let n = g + 41. List the prime factors of n.
2, 29
Suppose -4*k + k - 33 = -o, k + o = -15. Let m be k/16*(6/(-1) + 2). Suppose n + 3*n - 122 = m*z, -4*n = 3*z - 110. List the prime factors of n.
29
Suppose 44 - 12 = 8*v. Suppose v*x - 97 = -3*k, k - 14 = -x - 4*x. List the prime factors of k.
3, 13
What are the prime factors of (-382428)/162*9/(-2)?
3, 3541
Suppose 0 = t + 5, 5*r - 30 = -t - 2*t. Let b be r*(10/6)/1. What are the prime factors of b/60 + (-502)/(-8)?
3, 7
Let n(z) = 55078*z**3 + 5*z**2 - 6*z + 2. List the prime factors of n(1).
55079
Suppose -56*o + 1105877 = 67*o - 688816. What are the prime factors of o?
14591
Let m(q) = -4*q**2 + 254*q + 116. What are the prime factors of m(33)?
2, 19, 109
Suppose s - 14533 = -3*h - 3656, 4*s - 43469 = h. List the prime factors of s.
2, 11, 13, 19
Let f(h) = 1 + 0*h**3 + 30*h - 14*h**2 - 5 + h**3 + 0*h**3. What are the prime factors of f(12)?
2, 17
Suppose 0*x = -4*x + 5*a + 877, -406 = -2*x - 4*a. Let r = -159 + x. What are the prime factors of r?
2, 3
Suppose -11*q - 8*q + 36043 = 0. Suppose -8*d - 673 + q = 0. List the prime factors of d.
3, 17
Suppose -307784*m = -307803*m + 843600. What are the prime factors of m?
2, 3, 5, 37
Let o = 7795 - 7529. What are the prime factors of o?
2, 7, 19
List the prime factors of 45253/2*(23 + -21).
13, 59
Suppose -2*b = 4*y - 7618, 2*y - 3808 = -13*b + 11*b. Suppose 78*q - 75*q - y = -4*s, -2*q - s = -1265. List the prime factors of q.
631
Let t = -488 - -561. Let w = 408 - t. What are the prime factors of w?
5, 67
